{"id":102,"date":"2025-10-01T20:29:33","date_gmt":"2025-10-01T20:29:33","guid":{"rendered":"https:\/\/greg92.pl\/?page_id=102"},"modified":"2025-10-20T12:58:02","modified_gmt":"2025-10-20T12:58:02","slug":"przekaznik-kontrolki-ladowania","status":"publish","type":"page","link":"https:\/\/greg92.pl\/index.php\/greg-garage\/przekaznik-kontrolki-ladowania\/","title":{"rendered":"Przeka\u017anik kontrolki \u0142adowania"},"content":{"rendered":"\r\n<p>Fabryczna instalacja elektryczna wyposa\u017cona jest w przeka\u017anik mechaniczny oparty o styki rozwierne. Rol\u0105 przeka\u017anika jest informowanie o obecno\u015bci wzbudzenia wirnika alternatora podczas pracy silnika. Niestety, taka konstrukcja nie pozwala na wskazanie niedomaga\u0144 uk\u0142adu \u0142adowania, np., brak 1 fazy lub zbyt niskie napi\u0119cie w instalacji elektrycznej. Podj\u0105\u0142em decyzj\u0119 o wymianie przeka\u017anika na wsp\u00f3\u0142czesny. Zmiana nie wymaga przerabiania fabrycznej instalacji.<\/p>\r\n<p><br \/>Przeka\u017anik to typ NO ( z j. ang. &#8222;normally open) o oznaczeniu 7NRM do instalacji 12 Volt. Zalet\u0105 jest mo\u017cliwo\u015b\u0107 r\u0119cznego ustawienia progu dzia\u0142ania oraz tolerancj\u0119 tego zakresu. Aby unikn\u0105\u0107 wielokrotnego, niepotrzebnego rozwierania styk\u00f3w przeka\u017anik wyposa\u017cono w regulacj\u0119 histerezy. Dodatkowo pob\u00f3r pr\u0105du przeka\u017anika jest bardzo niski \u2013 wynosi zaledwie od 2 do 40 mA w zale\u017cno\u015bci od stanu przeka\u017anika<\/p>\r\n<figure id=\"attachment_117\" aria-describedby=\"caption-attachment-117\" style=\"width: 302px\" class=\"wp-caption alignleft\"><img loading=\"lazy\" decoding=\"async\" class=\"wp-image-117 size-full\" src=\"https:\/\/greg92.pl\/wp-content\/uploads\/2025\/10\/przekaznik.png\" alt=\"\" width=\"302\" height=\"213\" \/><figcaption id=\"caption-attachment-117\" class=\"wp-caption-text\">Oznaczenie styk\u00f3w <br \/>\u0179r\u00f3d\u0142o <a href=\"http:\/\/www.ase.hoste.pl\">:www.ase.hoste.pl<\/a><\/figcaption><\/figure>\r\n<p>Zasada dzia\u0142ania jest bardzo prosta &#8211; styk 5 jest rozwierany po przekroczeniu ustawionego progu napi\u0119cia na styku 1. Styk 1 jest steruj\u0105cym po\u0142\u0105czonym po\u015brednio z akumulatorem przez regulator napi\u0119cia(styk D+), a wyj\u015bcie 2 jest mas\u0105. Styki 3 oraz 4 s\u0105 po\u0142\u0105czone r\u00f3wnolegle ze stykiem 1. <strong>\u00a0Nie pod\u0142\u0105cza\u0107 przewodu 86 do zasilania nowego przeka\u017anika! Styk 86 ma napi\u0119cie zmienne (AC), przeka\u017aniki wsp\u00f3\u0142czesnej produkcji pracuj\u0105 na pr\u0105dzie sta\u0142ym (DC)!!<\/strong><br \/>Poni\u017cej tabela z oznaczeniami styk\u00f3w obu przeka\u017anik\u00f3w oraz ich\u00a0po\u0142\u0105czeniem<\/p>\r\n<table style=\"border-collapse: collapse; width: 100%; height: 262px;\">\r\n<tbody>\r\n<tr style=\"height: 26px;\">\r\n<td style=\"width: 33.2759%; height: 26px;\" width=\"133\">Przeka\u017anik PAL<\/td>\r\n<td style=\"width: 33.2759%; height: 26px; text-align: left;\" width=\"118\">Przeka\u017anik 7NRM<\/td>\r\n<td style=\"width: 33.3333%; height: 26px; text-align: left;\">\u00a0<\/td>\r\n<\/tr>\r\n<tr style=\"height: 26px;\">\r\n<td style=\"width: 33.2759%; height: 26px;\" width=\"133\">Oznaczenie<\/td>\r\n<td style=\"width: 33.2759%; height: 26px; text-align: left;\" width=\"133\">Oznaczenie<\/td>\r\n<td style=\"width: 33.3333%; height: 26px; text-align: left;\">Uwagi<\/td>\r\n<\/tr>\r\n<tr style=\"height: 26px;\">\r\n<td style=\"width: 33.2759%; height: 26px;\" width=\"133\"><span style=\"color: #0000ff;\">30\/51<\/span><\/td>\r\n<td style=\"width: 33.2759%; height: 26px; text-align: left;\" width=\"118\">1<\/td>\r\n<td style=\"width: 33.3333%; height: 26px; text-align: left;\" width=\"263\">D+ z regulatora napi\u0119cia<\/td>\r\n<\/tr>\r\n<tr style=\"height: 53px;\">\r\n<td style=\"width: 33.2759%; height: 53px;\" width=\"133\"><span style=\"color: #ffffff;\">0<\/span><\/td>\r\n<td style=\"width: 33.2759%; height: 53px; text-align: left;\" width=\"118\">2<\/td>\r\n<td style=\"width: 33.3333%; height: 53px; text-align: left;\" width=\"263\">Masa &#8211; biegun ujemny przeka\u017anika<\/td>\r\n<\/tr>\r\n<tr style=\"height: 26px;\">\r\n<td style=\"width: 33.2759%; height: 26px;\">n\/a<\/td>\r\n<td style=\"width: 33.2759%; height: 26px; text-align: left;\">3<\/td>\r\n<td style=\"width: 33.3333%; height: 26px; text-align: left;\">Po\u0142\u0105czony ze stykiem 4<\/td>\r\n<\/tr>\r\n<tr style=\"height: 26px;\">\r\n<td style=\"width: 33.2759%; height: 26px;\">n\/a<\/td>\r\n<td style=\"width: 33.2759%; height: 26px; text-align: left;\">4<\/td>\r\n<td style=\"width: 33.3333%; height: 26px; text-align: left;\">Po\u0142\u0105czony ze stykiem 1<\/td>\r\n<\/tr>\r\n<tr style=\"height: 53px;\">\r\n<td style=\"width: 33.2759%; height: 53px;\"><span style=\"color: #0000ff;\">87a<\/span><\/td>\r\n<td style=\"width: 33.2759%; height: 53px; text-align: left;\">5<\/td>\r\n<td style=\"width: 33.3333%; height: 53px; text-align: left;\">Zasilanie kontrolki \u0142adowania<\/td>\r\n<\/tr>\r\n<tr style=\"height: 26px;\">\r\n<td style=\"width: 33.2759%; height: 26px;\"><span style=\"color: #ffff00;\">86<\/span><\/td>\r\n<td style=\"width: 33.2759%; height: 26px; text-align: left;\">Brak zastosowania<\/td>\r\n<td style=\"width: 33.3333%; height: 26px; text-align: left;\">Zasilanie przeka\u017anika<\/td>\r\n<\/tr>\r\n<\/tbody>\r\n<\/table>\r\n<p>Monta\u017c przeka\u017anika b\u0119dzie wymaga\u0142 materia\u0142\u00f3w oraz narz\u0119dzi:<\/p>\r\n<ul>\r\n<li style=\"list-style-type: none;\">\r\n<ul>\r\n<li>50 cm przewodu(koniecznie miedzianego),<\/li>\r\n<li>os\u0142onki izolacyjne<\/li>\r\n<li>gniazdo przeka\u017anika typu &#8222;S&#8221;<\/li>\r\n<li>opaski termokurczliwe<\/li>\r\n<li>zaciskarka do pin\u00f3w oraz opalarka<\/li>\r\n<\/ul>\r\n<\/li>\r\n<\/ul>\r\n<figure id=\"attachment_129\" aria-describedby=\"caption-attachment-129\" style=\"width: 300px\" class=\"wp-caption alignleft\"><img loading=\"lazy\" decoding=\"async\" class=\"wp-image-129 size-medium\" src=\"https:\/\/greg92.pl\/wp-content\/uploads\/2025\/10\/regulacja-przekaznika-300x163.png\" alt=\"\" width=\"300\" height=\"163\" srcset=\"https:\/\/greg92.pl\/wp-content\/uploads\/2025\/10\/regulacja-przekaznika-300x163.png 300w, https:\/\/greg92.pl\/wp-content\/uploads\/2025\/10\/regulacja-przekaznika.png 500w\" sizes=\"auto, (max-width: 300px) 100vw, 300px\" \/><figcaption id=\"caption-attachment-129\" class=\"wp-caption-text\">Opis regulacji zakresu pracy<br \/>\u0179r\u00f3d\u0142o <a href=\"http:\/\/www.ase.hoste.pl\">:www.ase.hoste.pl<\/a><\/figcaption><\/figure>\r\n<p>Regulacj\u0119 przeka\u017anika najlepiej przeprowadza\u0107 podczas pracy rozgrzanego silnika. Demontuj\u0105c na g\u00f3rnej cz\u0119\u015bci przeka\u017anika 2 za\u015blepki uzyskujemy dost\u0119p do 2 wkr\u0119t\u00f3w reguluj\u0105cych. Do regulacji potrzebujemy p\u0142askiej ko\u0144c\u00f3wki wkr\u0119takowej o oznaczeniu SL 2.<\/p>\r\n<p>U\u017cytkownik mo\u017ce ustali\u0107 dowolny pr\u00f3g dzia\u0142ania kontrolki, w moim przypadku napi\u0119cie graniczne to 12,9\u00b10,8\u00a0 V przy w\u0142\u0105czonych \u015bwiat\u0142ach mijania.<\/p>\r\n","protected":false},"excerpt":{"rendered":"<p>Fabryczna instalacja elektryczna wyposa\u017cona jest w przeka\u017anik mechaniczny oparty o styki rozwierne. Rol\u0105 przeka\u017anika jest informowanie o obecno\u015bci wzbudzenia wirnika alternatora podczas pracy silnika. Niestety, taka konstrukcja nie pozwala na wskazanie niedomaga\u0144 uk\u0142adu \u0142adowania, np., brak 1 fazy lub zbyt niskie napi\u0119cie w instalacji elektrycznej. Podj\u0105\u0142em decyzj\u0119 o wymianie przeka\u017anika na wsp\u00f3\u0142czesny. Zmiana nie wymaga &hellip; <\/p>\n<p class=\"link-more\"><a href=\"https:\/\/greg92.pl\/index.php\/greg-garage\/przekaznik-kontrolki-ladowania\/\" class=\"more-link\">Czytaj dalej<span class=\"screen-reader-text\"> \u201ePrzeka\u017anik kontrolki \u0142adowania\u201d<\/span><\/a><\/p>\n","protected":false},"author":1,"featured_media":0,"parent":49,"menu_order":0,"comment_status":"closed","ping_status":"closed","template":"","meta":{"footnotes":""},"class_list":["post-102","page","type-page","status-publish","hentry"],"yoast_head":"<!-- This site is optimized with the Yoast SEO plugin v27.2 - https:\/\/yoast.com\/product\/yoast-seo-wordpress\/ -->\n<title>Przeka\u017anik kontrolki \u0142adowania - Greg92PL<\/title>\n<meta name=\"description\" content=\"Szybki, prosty i \u0142atwy monta\u017c wsp\u00f3\u0142czesnej kontrolki \u0142adowania sterowanej napi\u0119ciem w dowolnym motocyklu na przyk\u0142adzie Jawy 350 TS\" \/>\n<meta name=\"robots\" content=\"index, follow, max-snippet:-1, max-image-preview:large, max-video-preview:-1\" \/>\n<link rel=\"canonical\" href=\"https:\/\/greg92.pl\/index.php\/kontrolka-ladowania\" \/>\n<meta property=\"og:locale\" content=\"pl_PL\" \/>\n<meta property=\"og:type\" content=\"article\" \/>\n<meta property=\"og:title\" content=\"Przeka\u017anik kontrolki \u0142adowania - Greg92PL\" \/>\n<meta property=\"og:description\" content=\"Szybki, prosty i \u0142atwy monta\u017c wsp\u00f3\u0142czesnej kontrolki \u0142adowania sterowanej napi\u0119ciem w dowolnym motocyklu na przyk\u0142adzie Jawy 350 TS\" \/>\n<meta property=\"og:url\" content=\"https:\/\/greg92.pl\/index.php\/kontrolka-ladowania\" \/>\n<meta property=\"og:site_name\" content=\"Greg92PL\" \/>\n<meta property=\"article:modified_time\" content=\"2025-10-20T12:58:02+00:00\" \/>\n<meta property=\"og:image\" content=\"https:\/\/greg92.pl\/wp-content\/uploads\/2025\/10\/przekaznik.png\" \/>\n<meta name=\"twitter:card\" content=\"summary_large_image\" \/>\n<meta name=\"twitter:label1\" content=\"Szacowany czas czytania\" \/>\n\t<meta name=\"twitter:data1\" content=\"3 minuty\" \/>\n<script type=\"application\/ld+json\" class=\"yoast-schema-graph\">{\"@context\":\"https:\/\/schema.org\",\"@graph\":[{\"@type\":\"TechArticle\",\"@id\":\"https:\/\/greg92.pl\/index.php\/kontrolka-ladowania#article\",\"isPartOf\":{\"@id\":\"https:\/\/greg92.pl\/index.php\/greg-garage\/przekaznik-kontrolki-ladowania\/\"},\"author\":{\"name\":\"Greg92PL\",\"@id\":\"https:\/\/greg92.pl\/#\/schema\/person\/ff41b115bd59286b45e19d77d3540e7d\"},\"headline\":\"Przeka\u017anik kontrolki \u0142adowania\",\"datePublished\":\"2025-10-01T20:29:33+00:00\",\"dateModified\":\"2025-10-20T12:58:02+00:00\",\"mainEntityOfPage\":{\"@id\":\"https:\/\/greg92.pl\/index.php\/greg-garage\/przekaznik-kontrolki-ladowania\/\"},\"wordCount\":401,\"publisher\":{\"@id\":\"https:\/\/greg92.pl\/#\/schema\/person\/ff41b115bd59286b45e19d77d3540e7d\"},\"image\":{\"@id\":\"https:\/\/greg92.pl\/index.php\/kontrolka-ladowania#primaryimage\"},\"thumbnailUrl\":\"https:\/\/greg92.pl\/wp-content\/uploads\/2025\/10\/przekaznik.png\",\"inLanguage\":\"pl-PL\"},{\"@type\":\"WebPage\",\"@id\":\"https:\/\/greg92.pl\/index.php\/greg-garage\/przekaznik-kontrolki-ladowania\/\",\"url\":\"https:\/\/greg92.pl\/index.php\/kontrolka-ladowania\",\"name\":\"Przeka\u017anik kontrolki \u0142adowania - Greg92PL\",\"isPartOf\":{\"@id\":\"https:\/\/greg92.pl\/#website\"},\"primaryImageOfPage\":{\"@id\":\"https:\/\/greg92.pl\/index.php\/kontrolka-ladowania#primaryimage\"},\"image\":{\"@id\":\"https:\/\/greg92.pl\/index.php\/kontrolka-ladowania#primaryimage\"},\"thumbnailUrl\":\"https:\/\/greg92.pl\/wp-content\/uploads\/2025\/10\/przekaznik.png\",\"datePublished\":\"2025-10-01T20:29:33+00:00\",\"dateModified\":\"2025-10-20T12:58:02+00:00\",\"description\":\"Szybki, prosty i \u0142atwy monta\u017c wsp\u00f3\u0142czesnej kontrolki \u0142adowania sterowanej napi\u0119ciem w dowolnym motocyklu na przyk\u0142adzie Jawy 350 TS\",\"breadcrumb\":{\"@id\":\"https:\/\/greg92.pl\/index.php\/kontrolka-ladowania#breadcrumb\"},\"inLanguage\":\"pl-PL\",\"potentialAction\":[{\"@type\":\"ReadAction\",\"target\":[\"https:\/\/greg92.pl\/index.php\/kontrolka-ladowania\"]}]},{\"@type\":\"ImageObject\",\"inLanguage\":\"pl-PL\",\"@id\":\"https:\/\/greg92.pl\/index.php\/kontrolka-ladowania#primaryimage\",\"url\":\"\",\"contentUrl\":\"\"},{\"@type\":\"BreadcrumbList\",\"@id\":\"https:\/\/greg92.pl\/index.php\/kontrolka-ladowania#breadcrumb\",\"itemListElement\":[{\"@type\":\"ListItem\",\"position\":1,\"name\":\"Strona g\u0142\u00f3wna\",\"item\":\"https:\/\/greg92.pl\/\"},{\"@type\":\"ListItem\",\"position\":2,\"name\":\"mechanika\",\"item\":\"https:\/\/greg92.pl\/index.php\/greg-garage\/\"},{\"@type\":\"ListItem\",\"position\":3,\"name\":\"\u0142adowanie\/kontrolka\/\"}]},{\"@type\":\"WebSite\",\"@id\":\"https:\/\/greg92.pl\/#website\",\"url\":\"https:\/\/greg92.pl\/\",\"name\":\"Greg92PL\",\"description\":\"In the world full of people only so much want to fly....\",\"publisher\":{\"@id\":\"https:\/\/greg92.pl\/#\/schema\/person\/ff41b115bd59286b45e19d77d3540e7d\"},\"potentialAction\":[{\"@type\":\"SearchAction\",\"target\":{\"@type\":\"EntryPoint\",\"urlTemplate\":\"https:\/\/greg92.pl\/?s={search_term_string}\"},\"query-input\":{\"@type\":\"PropertyValueSpecification\",\"valueRequired\":true,\"valueName\":\"search_term_string\"}}],\"inLanguage\":\"pl-PL\"},{\"@type\":[\"Person\",\"Organization\"],\"@id\":\"https:\/\/greg92.pl\/#\/schema\/person\/ff41b115bd59286b45e19d77d3540e7d\",\"name\":\"Greg92PL\",\"image\":{\"@type\":\"ImageObject\",\"inLanguage\":\"pl-PL\",\"@id\":\"https:\/\/greg92.pl\/wp-content\/uploads\/2022\/03\/cropped-cropped-mniejsze-logo-2-100x100-1.jpg\",\"url\":\"https:\/\/greg92.pl\/wp-content\/uploads\/2022\/03\/cropped-cropped-mniejsze-logo-2-100x100-1.jpg\",\"contentUrl\":\"https:\/\/greg92.pl\/wp-content\/uploads\/2022\/03\/cropped-cropped-mniejsze-logo-2-100x100-1.jpg\",\"width\":100,\"height\":100,\"caption\":\"Greg92PL\"},\"logo\":{\"@id\":\"https:\/\/greg92.pl\/wp-content\/uploads\/2022\/03\/cropped-cropped-mniejsze-logo-2-100x100-1.jpg\"},\"sameAs\":[\"https:\/\/greg92.pl\"],\"url\":\"https:\/\/greg92.pl\/index.php\/author\/admin\/\"}]}<\/script>\n<!-- \/ Yoast SEO plugin. -->","yoast_head_json":{"title":"Przeka\u017anik kontrolki \u0142adowania - Greg92PL","description":"Szybki, prosty i \u0142atwy monta\u017c wsp\u00f3\u0142czesnej kontrolki \u0142adowania sterowanej napi\u0119ciem w dowolnym motocyklu na przyk\u0142adzie Jawy 350 TS","robots":{"index":"index","follow":"follow","max-snippet":"max-snippet:-1","max-image-preview":"max-image-preview:large","max-video-preview":"max-video-preview:-1"},"canonical":"https:\/\/greg92.pl\/index.php\/kontrolka-ladowania","og_locale":"pl_PL","og_type":"article","og_title":"Przeka\u017anik kontrolki \u0142adowania - Greg92PL","og_description":"Szybki, prosty i \u0142atwy monta\u017c wsp\u00f3\u0142czesnej kontrolki \u0142adowania sterowanej napi\u0119ciem w dowolnym motocyklu na przyk\u0142adzie Jawy 350 TS","og_url":"https:\/\/greg92.pl\/index.php\/kontrolka-ladowania","og_site_name":"Greg92PL","article_modified_time":"2025-10-20T12:58:02+00:00","og_image":[{"url":"https:\/\/greg92.pl\/wp-content\/uploads\/2025\/10\/przekaznik.png","type":"","width":"","height":""}],"twitter_card":"summary_large_image","twitter_misc":{"Szacowany czas czytania":"3 minuty"},"schema":{"@context":"https:\/\/schema.org","@graph":[{"@type":"TechArticle","@id":"https:\/\/greg92.pl\/index.php\/kontrolka-ladowania#article","isPartOf":{"@id":"https:\/\/greg92.pl\/index.php\/greg-garage\/przekaznik-kontrolki-ladowania\/"},"author":{"name":"Greg92PL","@id":"https:\/\/greg92.pl\/#\/schema\/person\/ff41b115bd59286b45e19d77d3540e7d"},"headline":"Przeka\u017anik kontrolki \u0142adowania","datePublished":"2025-10-01T20:29:33+00:00","dateModified":"2025-10-20T12:58:02+00:00","mainEntityOfPage":{"@id":"https:\/\/greg92.pl\/index.php\/greg-garage\/przekaznik-kontrolki-ladowania\/"},"wordCount":401,"publisher":{"@id":"https:\/\/greg92.pl\/#\/schema\/person\/ff41b115bd59286b45e19d77d3540e7d"},"image":{"@id":"https:\/\/greg92.pl\/index.php\/kontrolka-ladowania#primaryimage"},"thumbnailUrl":"https:\/\/greg92.pl\/wp-content\/uploads\/2025\/10\/przekaznik.png","inLanguage":"pl-PL"},{"@type":"WebPage","@id":"https:\/\/greg92.pl\/index.php\/greg-garage\/przekaznik-kontrolki-ladowania\/","url":"https:\/\/greg92.pl\/index.php\/kontrolka-ladowania","name":"Przeka\u017anik kontrolki \u0142adowania - Greg92PL","isPartOf":{"@id":"https:\/\/greg92.pl\/#website"},"primaryImageOfPage":{"@id":"https:\/\/greg92.pl\/index.php\/kontrolka-ladowania#primaryimage"},"image":{"@id":"https:\/\/greg92.pl\/index.php\/kontrolka-ladowania#primaryimage"},"thumbnailUrl":"https:\/\/greg92.pl\/wp-content\/uploads\/2025\/10\/przekaznik.png","datePublished":"2025-10-01T20:29:33+00:00","dateModified":"2025-10-20T12:58:02+00:00","description":"Szybki, prosty i \u0142atwy monta\u017c wsp\u00f3\u0142czesnej kontrolki \u0142adowania sterowanej napi\u0119ciem w dowolnym motocyklu na przyk\u0142adzie Jawy 350 TS","breadcrumb":{"@id":"https:\/\/greg92.pl\/index.php\/kontrolka-ladowania#breadcrumb"},"inLanguage":"pl-PL","potentialAction":[{"@type":"ReadAction","target":["https:\/\/greg92.pl\/index.php\/kontrolka-ladowania"]}]},{"@type":"ImageObject","inLanguage":"pl-PL","@id":"https:\/\/greg92.pl\/index.php\/kontrolka-ladowania#primaryimage","url":"","contentUrl":""},{"@type":"BreadcrumbList","@id":"https:\/\/greg92.pl\/index.php\/kontrolka-ladowania#breadcrumb","itemListElement":[{"@type":"ListItem","position":1,"name":"Strona g\u0142\u00f3wna","item":"https:\/\/greg92.pl\/"},{"@type":"ListItem","position":2,"name":"mechanika","item":"https:\/\/greg92.pl\/index.php\/greg-garage\/"},{"@type":"ListItem","position":3,"name":"\u0142adowanie\/kontrolka\/"}]},{"@type":"WebSite","@id":"https:\/\/greg92.pl\/#website","url":"https:\/\/greg92.pl\/","name":"Greg92PL","description":"In the world full of people only so much want to fly....","publisher":{"@id":"https:\/\/greg92.pl\/#\/schema\/person\/ff41b115bd59286b45e19d77d3540e7d"},"potentialAction":[{"@type":"SearchAction","target":{"@type":"EntryPoint","urlTemplate":"https:\/\/greg92.pl\/?s={search_term_string}"},"query-input":{"@type":"PropertyValueSpecification","valueRequired":true,"valueName":"search_term_string"}}],"inLanguage":"pl-PL"},{"@type":["Person","Organization"],"@id":"https:\/\/greg92.pl\/#\/schema\/person\/ff41b115bd59286b45e19d77d3540e7d","name":"Greg92PL","image":{"@type":"ImageObject","inLanguage":"pl-PL","@id":"https:\/\/greg92.pl\/wp-content\/uploads\/2022\/03\/cropped-cropped-mniejsze-logo-2-100x100-1.jpg","url":"https:\/\/greg92.pl\/wp-content\/uploads\/2022\/03\/cropped-cropped-mniejsze-logo-2-100x100-1.jpg","contentUrl":"https:\/\/greg92.pl\/wp-content\/uploads\/2022\/03\/cropped-cropped-mniejsze-logo-2-100x100-1.jpg","width":100,"height":100,"caption":"Greg92PL"},"logo":{"@id":"https:\/\/greg92.pl\/wp-content\/uploads\/2022\/03\/cropped-cropped-mniejsze-logo-2-100x100-1.jpg"},"sameAs":["https:\/\/greg92.pl"],"url":"https:\/\/greg92.pl\/index.php\/author\/admin\/"}]}},"jetpack_sharing_enabled":true,"_links":{"self":[{"href":"https:\/\/greg92.pl\/index.php\/wp-json\/wp\/v2\/pages\/102","targetHints":{"allow":["GET"]}}],"collection":[{"href":"https:\/\/greg92.pl\/index.php\/wp-json\/wp\/v2\/pages"}],"about":[{"href":"https:\/\/greg92.pl\/index.php\/wp-json\/wp\/v2\/types\/page"}],"author":[{"embeddable":true,"href":"https:\/\/greg92.pl\/index.php\/wp-json\/wp\/v2\/users\/1"}],"replies":[{"embeddable":true,"href":"https:\/\/greg92.pl\/index.php\/wp-json\/wp\/v2\/comments?post=102"}],"version-history":[{"count":28,"href":"https:\/\/greg92.pl\/index.php\/wp-json\/wp\/v2\/pages\/102\/revisions"}],"predecessor-version":[{"id":349,"href":"https:\/\/greg92.pl\/index.php\/wp-json\/wp\/v2\/pages\/102\/revisions\/349"}],"up":[{"embeddable":true,"href":"https:\/\/greg92.pl\/index.php\/wp-json\/wp\/v2\/pages\/49"}],"wp:attachment":[{"href":"https:\/\/greg92.pl\/index.php\/wp-json\/wp\/v2\/media?parent=102"}],"curies":[{"name":"wp","href":"https:\/\/api.w.org\/{rel}","templated":true}]}}