{"id":13,"date":"2022-03-02T19:02:05","date_gmt":"2022-03-02T19:02:05","guid":{"rendered":"https:\/\/greg92.pl\/?page_id=13"},"modified":"2025-10-18T11:18:53","modified_gmt":"2025-10-18T11:18:53","slug":"o-mnie","status":"publish","type":"page","link":"https:\/\/greg92.pl\/index.php\/o-mnie\/","title":{"rendered":"O mnie"},"content":{"rendered":"\r\n<p>Kilka kluczy p\u0142askooczkowych kupionych na stacji benzynowej, dziesi\u0119\u0107 nasadek i wygi\u0119te pokr\u0119t\u0142o. Brak klucza do \u015bwiecy zap\u0142onowej, elektryczno\u015bci i zdecydowanie za ma\u0142o miejsca. W takich warunkach kszta\u0142towa\u0142 si\u0119 charakter m\u0142odego cz\u0142owieka, kt\u00f3ry uczy\u0142 si\u0119 fizyki, mechaniki i termodynamiki na w\u0142asnej sk\u00f3rze dysponuj\u0105c sparta\u0144skim bud\u017cetem.<\/p>\r\n\r\n\r\n\r\n<p>Obiektem do\u015bwiadczalnym by\u0142 w\u00f3wczas komunistyczny motorower \u2013 Romet Ogar 200. Zm\u0119czony \u017cyciem silnik, kt\u00f3ry gubi\u0142 olej, iskr\u0119 i sens istnienia, by\u0142 z uporem reanimowany przez zapale\u0144ca, dla kt\u00f3rego awarie, z\u0142y stan techniczny i sceptycyzm otoczenia nie by\u0142y \u017cadn\u0105 przeszkod\u0105. Wyprawy ko\u0144cz\u0105ce si\u0119 cz\u0119\u015bciej \u201ena tarczy\u201d ni\u017c o w\u0142asnych si\u0142ach uczy\u0142y pokory, my\u015blenia i wyci\u0105gania wniosk\u00f3w.<\/p>\r\n\r\n\r\n\r\n<p>Internet dopiero raczkowa\u0142. Fora internetowe liczy\u0142y 3 u\u017cytkownik\u00f3w i 1 administratora, wiedz\u0119 o mechanice czerpa\u0142o si\u0119 g\u0142\u00f3wnie z rodzinnych opowie\u015bci lub po\u017c\u00f3\u0142k\u0142ych ksi\u0105\u017cek w miejskiej bibliotece \u2013 <em>Je\u017cd\u017c\u0119 motorowerem<\/em>, <em>Naprawa motocykli WSK<\/em> i tym podobne relikty przesz\u0142o\u015bci. Nauczyciele rozk\u0142adali r\u0119ce. Zjawiska towarzysz\u0105ce pracy silnika dwusuwowego wykracza\u0142y poza podstaw\u0119 programow\u0105 gimnazjum i liceum. Angielskoj\u0119zyczna literatura nie by\u0142a dost\u0119pna w polskim t\u0142umaczeniu , a Google Translator dopiero powstawa\u0142 w kr\u0119gach akademickich. Ratunkiem by\u0142y politechniki i ksi\u0105\u017cki o wdzi\u0119cznej nazwie \u201ePodstawy Konstrukcji Maszyn\u201d, kt\u00f3re budzi\u0142y postrach nie tylko swoj\u0105 grubo\u015bci\u0105 w\u015br\u00f3d student\u00f3w.<\/p>\r\n\r\n\r\n\r\n<p>Dekad\u0119 p\u00f3\u017aniej powsta\u0142a ta strona internetowa. Pisz\u0119 humorystycznie i autentycznie o zapomnianej mechanice i otaczaj\u0105cej rzeczywisto\u015bci. Naprawy realizuj\u0119 w zaciszu w\u0142asnego gara\u017cu, w atmosferze rocka, smaru i nostalgii. Opisuj\u0119 konserwacj\u0119 i eksploatacj\u0119 zar\u00f3wno sprz\u0119tu starszego ode mnie jak i wsp\u00f3\u0142czesnej my\u015bli motoryzacyjnej wed\u0142ug przepisu Japo\u0144czyk\u00f3w. Naprawiam silniki, czasami tocz\u0119 i frezuj\u0119, przywracam do \u017cycia r\u00f3\u017cnego rodzaju sprz\u0119t. Tworz\u0119 w gara\u017cu projekty elektroniczne, realizuje pomys\u0142y wszelkiego rodzaju &#8211; od poprawy designu element\u00f3w pod konkretne potrzeby po budow\u0119 i automatyzacj\u0119 urz\u0105dze\u0144. Niekt\u00f3re pomys\u0142y b\u0119d\u0105 nieprzydatne, inne z czasem udowodni\u0105 swoj\u0105 warto\u015b\u0107. Czas poka\u017ce.<\/p>\r\n\r\n\r\n\r\n<p><strong>Celem tej strony jest dzielenie si\u0119 wiedz\u0105 \u2013 praktyczn\u0105, sprawdzon\u0105.<\/strong> Znajdzie tu co\u015b dla siebie zar\u00f3wno in\u017cynier, jak i pasjonat zabytkowej motoryzacji. Nie znajdziesz tu filtr\u00f3w z Instagrama ani zak\u0142ama\u0144 rzeczywisto\u015bci. Wszystkie tre\u015bci s\u0105 tworzone przeze mnie \u2013 bez redakcji, bez marketingowego pudru.<\/p>\r\n\r\n\r\n\r\n<p class=\"has-text-align-center\"><strong>Rozgo\u015b\u0107 si\u0119. Czytaj po swojemu.<\/strong><\/p>\r\n\r\n\r\n\r\n<p>&nbsp;<\/p>\r\n","protected":false},"excerpt":{"rendered":"<p>Kilka kluczy p\u0142askooczkowych kupionych na stacji benzynowej, dziesi\u0119\u0107 nasadek i wygi\u0119te pokr\u0119t\u0142o. Brak klucza do \u015bwiecy zap\u0142onowej, elektryczno\u015bci i zdecydowanie za ma\u0142o miejsca. W takich warunkach kszta\u0142towa\u0142 si\u0119 charakter m\u0142odego cz\u0142owieka, kt\u00f3ry uczy\u0142 si\u0119 fizyki, mechaniki i termodynamiki na w\u0142asnej sk\u00f3rze dysponuj\u0105c sparta\u0144skim bud\u017cetem. Obiektem do\u015bwiadczalnym by\u0142 w\u00f3wczas komunistyczny motorower \u2013 Romet Ogar 200. Zm\u0119czony &hellip; <\/p>\n<p class=\"link-more\"><a href=\"https:\/\/greg92.pl\/index.php\/o-mnie\/\" class=\"more-link\">Czytaj dalej<span class=\"screen-reader-text\"> \u201eO mnie\u201d<\/span><\/a><\/p>\n","protected":false},"author":1,"featured_media":0,"parent":0,"menu_order":0,"comment_status":"closed","ping_status":"closed","template":"","meta":{"footnotes":""},"class_list":["post-13","page","type-page","status-publish","hentry"],"yoast_head":"<!-- This site is optimized with the Yoast SEO plugin v27.2 - https:\/\/yoast.com\/product\/yoast-seo-wordpress\/ -->\n<title>O mnie - Greg92PL<\/title>\n<meta name=\"description\" content=\"Kim jestem, czym si\u0119 zajmuj\u0119, po co to robi\u0119? Kr\u00f3tkie podsumowanie historii autora tej strony:)\" \/>\n<meta name=\"robots\" content=\"index, follow, max-snippet:-1, max-image-preview:large, max-video-preview:-1\" \/>\n<link rel=\"canonical\" href=\"https:\/\/greg92.pl\/index.php\/o-mnie\/\" \/>\n<meta property=\"og:locale\" content=\"pl_PL\" \/>\n<meta property=\"og:type\" content=\"article\" \/>\n<meta property=\"og:title\" content=\"O mnie - Greg92PL\" \/>\n<meta property=\"og:description\" content=\"Kim jestem, czym si\u0119 zajmuj\u0119, po co to robi\u0119? Kr\u00f3tkie podsumowanie historii autora tej strony:)\" \/>\n<meta property=\"og:url\" content=\"https:\/\/greg92.pl\/index.php\/o-mnie\/\" \/>\n<meta property=\"og:site_name\" content=\"Greg92PL\" \/>\n<meta property=\"article:modified_time\" content=\"2025-10-18T11:18:53+00:00\" \/>\n<meta name=\"twitter:card\" content=\"summary_large_image\" \/>\n<meta name=\"twitter:label1\" content=\"Szacowany czas czytania\" \/>\n\t<meta name=\"twitter:data1\" content=\"2 minuty\" \/>\n<script type=\"application\/ld+json\" class=\"yoast-schema-graph\">{\"@context\":\"https:\/\/schema.org\",\"@graph\":[{\"@type\":\"TechArticle\",\"@id\":\"https:\/\/greg92.pl\/index.php\/o-mnie\/#article\",\"isPartOf\":{\"@id\":\"https:\/\/greg92.pl\/index.php\/o-mnie\/\"},\"author\":{\"name\":\"Greg92PL\",\"@id\":\"https:\/\/greg92.pl\/#\/schema\/person\/ff41b115bd59286b45e19d77d3540e7d\"},\"headline\":\"O mnie\",\"datePublished\":\"2022-03-02T19:02:05+00:00\",\"dateModified\":\"2025-10-18T11:18:53+00:00\",\"mainEntityOfPage\":{\"@id\":\"https:\/\/greg92.pl\/index.php\/o-mnie\/\"},\"wordCount\":414,\"publisher\":{\"@id\":\"https:\/\/greg92.pl\/#\/schema\/person\/ff41b115bd59286b45e19d77d3540e7d\"},\"inLanguage\":\"pl-PL\"},{\"@type\":\"WebPage\",\"@id\":\"https:\/\/greg92.pl\/index.php\/o-mnie\/\",\"url\":\"https:\/\/greg92.pl\/index.php\/o-mnie\/\",\"name\":\"O mnie - Greg92PL\",\"isPartOf\":{\"@id\":\"https:\/\/greg92.pl\/#website\"},\"datePublished\":\"2022-03-02T19:02:05+00:00\",\"dateModified\":\"2025-10-18T11:18:53+00:00\",\"description\":\"Kim jestem, czym si\u0119 zajmuj\u0119, po co to robi\u0119? Kr\u00f3tkie podsumowanie historii autora tej strony:)\",\"breadcrumb\":{\"@id\":\"https:\/\/greg92.pl\/index.php\/o-mnie\/#breadcrumb\"},\"inLanguage\":\"pl-PL\",\"potentialAction\":[{\"@type\":\"ReadAction\",\"target\":[\"https:\/\/greg92.pl\/index.php\/o-mnie\/\"]}]},{\"@type\":\"BreadcrumbList\",\"@id\":\"https:\/\/greg92.pl\/index.php\/o-mnie\/#breadcrumb\",\"itemListElement\":[{\"@type\":\"ListItem\",\"position\":1,\"name\":\"Strona g\u0142\u00f3wna\",\"item\":\"https:\/\/greg92.pl\/\"},{\"@type\":\"ListItem\",\"position\":2,\"name\":\"o mnie\"}]},{\"@type\":\"WebSite\",\"@id\":\"https:\/\/greg92.pl\/#website\",\"url\":\"https:\/\/greg92.pl\/\",\"name\":\"Greg92PL\",\"description\":\"In the world full of people only so much want to fly....\",\"publisher\":{\"@id\":\"https:\/\/greg92.pl\/#\/schema\/person\/ff41b115bd59286b45e19d77d3540e7d\"},\"potentialAction\":[{\"@type\":\"SearchAction\",\"target\":{\"@type\":\"EntryPoint\",\"urlTemplate\":\"https:\/\/greg92.pl\/?s={search_term_string}\"},\"query-input\":{\"@type\":\"PropertyValueSpecification\",\"valueRequired\":true,\"valueName\":\"search_term_string\"}}],\"inLanguage\":\"pl-PL\"},{\"@type\":[\"Person\",\"Organization\"],\"@id\":\"https:\/\/greg92.pl\/#\/schema\/person\/ff41b115bd59286b45e19d77d3540e7d\",\"name\":\"Greg92PL\",\"image\":{\"@type\":\"ImageObject\",\"inLanguage\":\"pl-PL\",\"@id\":\"https:\/\/greg92.pl\/wp-content\/uploads\/2022\/03\/cropped-cropped-mniejsze-logo-2-100x100-1.jpg\",\"url\":\"https:\/\/greg92.pl\/wp-content\/uploads\/2022\/03\/cropped-cropped-mniejsze-logo-2-100x100-1.jpg\",\"contentUrl\":\"https:\/\/greg92.pl\/wp-content\/uploads\/2022\/03\/cropped-cropped-mniejsze-logo-2-100x100-1.jpg\",\"width\":100,\"height\":100,\"caption\":\"Greg92PL\"},\"logo\":{\"@id\":\"https:\/\/greg92.pl\/wp-content\/uploads\/2022\/03\/cropped-cropped-mniejsze-logo-2-100x100-1.jpg\"},\"sameAs\":[\"https:\/\/greg92.pl\"],\"url\":\"https:\/\/greg92.pl\/index.php\/author\/admin\/\"}]}<\/script>\n<!-- \/ Yoast SEO plugin. -->","yoast_head_json":{"title":"O mnie - Greg92PL","description":"Kim jestem, czym si\u0119 zajmuj\u0119, po co to robi\u0119? Kr\u00f3tkie podsumowanie historii autora tej strony:)","robots":{"index":"index","follow":"follow","max-snippet":"max-snippet:-1","max-image-preview":"max-image-preview:large","max-video-preview":"max-video-preview:-1"},"canonical":"https:\/\/greg92.pl\/index.php\/o-mnie\/","og_locale":"pl_PL","og_type":"article","og_title":"O mnie - Greg92PL","og_description":"Kim jestem, czym si\u0119 zajmuj\u0119, po co to robi\u0119? Kr\u00f3tkie podsumowanie historii autora tej strony:)","og_url":"https:\/\/greg92.pl\/index.php\/o-mnie\/","og_site_name":"Greg92PL","article_modified_time":"2025-10-18T11:18:53+00:00","twitter_card":"summary_large_image","twitter_misc":{"Szacowany czas czytania":"2 minuty"},"schema":{"@context":"https:\/\/schema.org","@graph":[{"@type":"TechArticle","@id":"https:\/\/greg92.pl\/index.php\/o-mnie\/#article","isPartOf":{"@id":"https:\/\/greg92.pl\/index.php\/o-mnie\/"},"author":{"name":"Greg92PL","@id":"https:\/\/greg92.pl\/#\/schema\/person\/ff41b115bd59286b45e19d77d3540e7d"},"headline":"O mnie","datePublished":"2022-03-02T19:02:05+00:00","dateModified":"2025-10-18T11:18:53+00:00","mainEntityOfPage":{"@id":"https:\/\/greg92.pl\/index.php\/o-mnie\/"},"wordCount":414,"publisher":{"@id":"https:\/\/greg92.pl\/#\/schema\/person\/ff41b115bd59286b45e19d77d3540e7d"},"inLanguage":"pl-PL"},{"@type":"WebPage","@id":"https:\/\/greg92.pl\/index.php\/o-mnie\/","url":"https:\/\/greg92.pl\/index.php\/o-mnie\/","name":"O mnie - Greg92PL","isPartOf":{"@id":"https:\/\/greg92.pl\/#website"},"datePublished":"2022-03-02T19:02:05+00:00","dateModified":"2025-10-18T11:18:53+00:00","description":"Kim jestem, czym si\u0119 zajmuj\u0119, po co to robi\u0119? Kr\u00f3tkie podsumowanie historii autora tej strony:)","breadcrumb":{"@id":"https:\/\/greg92.pl\/index.php\/o-mnie\/#breadcrumb"},"inLanguage":"pl-PL","potentialAction":[{"@type":"ReadAction","target":["https:\/\/greg92.pl\/index.php\/o-mnie\/"]}]},{"@type":"BreadcrumbList","@id":"https:\/\/greg92.pl\/index.php\/o-mnie\/#breadcrumb","itemListElement":[{"@type":"ListItem","position":1,"name":"Strona g\u0142\u00f3wna","item":"https:\/\/greg92.pl\/"},{"@type":"ListItem","position":2,"name":"o mnie"}]},{"@type":"WebSite","@id":"https:\/\/greg92.pl\/#website","url":"https:\/\/greg92.pl\/","name":"Greg92PL","description":"In the world full of people only so much want to fly....","publisher":{"@id":"https:\/\/greg92.pl\/#\/schema\/person\/ff41b115bd59286b45e19d77d3540e7d"},"potentialAction":[{"@type":"SearchAction","target":{"@type":"EntryPoint","urlTemplate":"https:\/\/greg92.pl\/?s={search_term_string}"},"query-input":{"@type":"PropertyValueSpecification","valueRequired":true,"valueName":"search_term_string"}}],"inLanguage":"pl-PL"},{"@type":["Person","Organization"],"@id":"https:\/\/greg92.pl\/#\/schema\/person\/ff41b115bd59286b45e19d77d3540e7d","name":"Greg92PL","image":{"@type":"ImageObject","inLanguage":"pl-PL","@id":"https:\/\/greg92.pl\/wp-content\/uploads\/2022\/03\/cropped-cropped-mniejsze-logo-2-100x100-1.jpg","url":"https:\/\/greg92.pl\/wp-content\/uploads\/2022\/03\/cropped-cropped-mniejsze-logo-2-100x100-1.jpg","contentUrl":"https:\/\/greg92.pl\/wp-content\/uploads\/2022\/03\/cropped-cropped-mniejsze-logo-2-100x100-1.jpg","width":100,"height":100,"caption":"Greg92PL"},"logo":{"@id":"https:\/\/greg92.pl\/wp-content\/uploads\/2022\/03\/cropped-cropped-mniejsze-logo-2-100x100-1.jpg"},"sameAs":["https:\/\/greg92.pl"],"url":"https:\/\/greg92.pl\/index.php\/author\/admin\/"}]}},"jetpack_sharing_enabled":true,"_links":{"self":[{"href":"https:\/\/greg92.pl\/index.php\/wp-json\/wp\/v2\/pages\/13","targetHints":{"allow":["GET"]}}],"collection":[{"href":"https:\/\/greg92.pl\/index.php\/wp-json\/wp\/v2\/pages"}],"about":[{"href":"https:\/\/greg92.pl\/index.php\/wp-json\/wp\/v2\/types\/page"}],"author":[{"embeddable":true,"href":"https:\/\/greg92.pl\/index.php\/wp-json\/wp\/v2\/users\/1"}],"replies":[{"embeddable":true,"href":"https:\/\/greg92.pl\/index.php\/wp-json\/wp\/v2\/comments?post=13"}],"version-history":[{"count":13,"href":"https:\/\/greg92.pl\/index.php\/wp-json\/wp\/v2\/pages\/13\/revisions"}],"predecessor-version":[{"id":252,"href":"https:\/\/greg92.pl\/index.php\/wp-json\/wp\/v2\/pages\/13\/revisions\/252"}],"wp:attachment":[{"href":"https:\/\/greg92.pl\/index.php\/wp-json\/wp\/v2\/media?parent=13"}],"curies":[{"name":"wp","href":"https:\/\/api.w.org\/{rel}","templated":true}]}}