{"id":186,"date":"2025-10-16T18:51:22","date_gmt":"2025-10-16T18:51:22","guid":{"rendered":"https:\/\/greg92.pl\/?page_id=186"},"modified":"2025-10-17T17:54:04","modified_gmt":"2025-10-17T17:54:04","slug":"baza-wiedzy","status":"publish","type":"page","link":"https:\/\/greg92.pl\/index.php\/baza-wiedzy\/","title":{"rendered":"Baza wiedzy"},"content":{"rendered":"<p>Wszystko, co przydatne i niezb\u0119dne, zdobyte w boju z smarem:)<\/p>\n<p><a href=\"https:\/\/greg92.pl\/index.php\/baza-wiedzy-baza-linkow\/\">Baza link\u00f3w<\/a><\/p>\n<p><a href=\"https:\/\/greg92.pl\/index.php\/baza-wiedzy\/spis-lozysk-uszczelniaczy\/\">Spis \u0142o\u017cysk i uszczelniaczy<\/a><\/p>\n<p><a href=\"https:\/\/greg92.pl\/index.php\/baza-wiedzy\/klasyczny-uklad-zaplonowy\/\">Budowa i diagnozowanie klasycznego uk\u0142adu zap\u0142onowego<\/a><\/p>\n<p>&nbsp;<\/p>\n","protected":false},"excerpt":{"rendered":"<p>Wszystko, co przydatne i niezb\u0119dne, zdobyte w boju z smarem:) Baza link\u00f3w Spis \u0142o\u017cysk i uszczelniaczy Budowa i diagnozowanie klasycznego uk\u0142adu zap\u0142onowego &nbsp;<\/p>\n","protected":false},"author":1,"featured_media":197,"parent":0,"menu_order":0,"comment_status":"closed","ping_status":"closed","template":"","meta":{"footnotes":""},"class_list":["post-186","page","type-page","status-publish","has-post-thumbnail","hentry"],"yoast_head":"<!-- This site is optimized with the Yoast SEO plugin v27.2 - https:\/\/yoast.com\/product\/yoast-seo-wordpress\/ -->\n<title>Baza wiedzy - Greg92PL<\/title>\n<meta name=\"description\" content=\"Wszystko, co niezb\u0119dne i troch\u0119 wi\u0119cej. Mechanika, elektryka motocyklowa, linki do innych podstron serwisu\" \/>\n<meta name=\"robots\" content=\"index, follow, max-snippet:-1, max-image-preview:large, max-video-preview:-1\" \/>\n<link rel=\"canonical\" href=\"https:\/\/greg92.pl\/index.php\/baza-wiedzy\/\" \/>\n<meta property=\"og:locale\" content=\"pl_PL\" \/>\n<meta property=\"og:type\" content=\"article\" \/>\n<meta property=\"og:title\" content=\"Baza wiedzy - Greg92PL\" \/>\n<meta property=\"og:description\" content=\"Wszystko, co niezb\u0119dne i troch\u0119 wi\u0119cej. Mechanika, elektryka motocyklowa, linki do innych podstron serwisu\" \/>\n<meta property=\"og:url\" content=\"https:\/\/greg92.pl\/index.php\/baza-wiedzy\/\" \/>\n<meta property=\"og:site_name\" content=\"Greg92PL\" \/>\n<meta property=\"article:modified_time\" content=\"2025-10-17T17:54:04+00:00\" \/>\n<meta property=\"og:image\" content=\"https:\/\/greg92.pl\/wp-content\/uploads\/2025\/10\/pexels-oleh-budurov-283689368-20064019-scaled-e1759575056461.jpg\" \/>\n\t<meta property=\"og:image:width\" content=\"2560\" \/>\n\t<meta property=\"og:image:height\" content=\"555\" \/>\n\t<meta property=\"og:image:type\" content=\"image\/jpeg\" \/>\n<meta name=\"twitter:card\" content=\"summary_large_image\" \/>\n<meta name=\"twitter:label1\" content=\"Szacowany czas czytania\" \/>\n\t<meta name=\"twitter:data1\" content=\"1 minuta\" \/>\n<script type=\"application\/ld+json\" class=\"yoast-schema-graph\">{\"@context\":\"https:\/\/schema.org\",\"@graph\":[{\"@type\":\"TechArticle\",\"@id\":\"https:\/\/greg92.pl\/index.php\/baza-wiedzy\/#article\",\"isPartOf\":{\"@id\":\"https:\/\/greg92.pl\/index.php\/baza-wiedzy\/\"},\"author\":{\"name\":\"Greg92PL\",\"@id\":\"https:\/\/greg92.pl\/#\/schema\/person\/ff41b115bd59286b45e19d77d3540e7d\"},\"headline\":\"Baza wiedzy\",\"datePublished\":\"2025-10-16T18:51:22+00:00\",\"dateModified\":\"2025-10-17T17:54:04+00:00\",\"mainEntityOfPage\":{\"@id\":\"https:\/\/greg92.pl\/index.php\/baza-wiedzy\/\"},\"wordCount\":30,\"publisher\":{\"@id\":\"https:\/\/greg92.pl\/#\/schema\/person\/ff41b115bd59286b45e19d77d3540e7d\"},\"image\":{\"@id\":\"https:\/\/greg92.pl\/index.php\/baza-wiedzy\/#primaryimage\"},\"thumbnailUrl\":\"https:\/\/greg92.pl\/wp-content\/uploads\/2025\/10\/pexels-oleh-budurov-283689368-20064019-scaled-e1759575056461.jpg\",\"inLanguage\":\"pl-PL\"},{\"@type\":\"WebPage\",\"@id\":\"https:\/\/greg92.pl\/index.php\/baza-wiedzy\/\",\"url\":\"https:\/\/greg92.pl\/index.php\/baza-wiedzy\/\",\"name\":\"Baza wiedzy - Greg92PL\",\"isPartOf\":{\"@id\":\"https:\/\/greg92.pl\/#website\"},\"primaryImageOfPage\":{\"@id\":\"https:\/\/greg92.pl\/index.php\/baza-wiedzy\/#primaryimage\"},\"image\":{\"@id\":\"https:\/\/greg92.pl\/index.php\/baza-wiedzy\/#primaryimage\"},\"thumbnailUrl\":\"https:\/\/greg92.pl\/wp-content\/uploads\/2025\/10\/pexels-oleh-budurov-283689368-20064019-scaled-e1759575056461.jpg\",\"datePublished\":\"2025-10-16T18:51:22+00:00\",\"dateModified\":\"2025-10-17T17:54:04+00:00\",\"description\":\"Wszystko, co niezb\u0119dne i troch\u0119 wi\u0119cej. Mechanika, elektryka motocyklowa, linki do innych podstron serwisu\",\"breadcrumb\":{\"@id\":\"https:\/\/greg92.pl\/index.php\/baza-wiedzy\/#breadcrumb\"},\"inLanguage\":\"pl-PL\",\"potentialAction\":[{\"@type\":\"ReadAction\",\"target\":[\"https:\/\/greg92.pl\/index.php\/baza-wiedzy\/\"]}]},{\"@type\":\"ImageObject\",\"inLanguage\":\"pl-PL\",\"@id\":\"https:\/\/greg92.pl\/index.php\/baza-wiedzy\/#primaryimage\",\"url\":\"https:\/\/greg92.pl\/wp-content\/uploads\/2025\/10\/pexels-oleh-budurov-283689368-20064019-scaled-e1759575056461.jpg\",\"contentUrl\":\"https:\/\/greg92.pl\/wp-content\/uploads\/2025\/10\/pexels-oleh-budurov-283689368-20064019-scaled-e1759575056461.jpg\",\"width\":2560,\"height\":555},{\"@type\":\"BreadcrumbList\",\"@id\":\"https:\/\/greg92.pl\/index.php\/baza-wiedzy\/#breadcrumb\",\"itemListElement\":[{\"@type\":\"ListItem\",\"position\":1,\"name\":\"Strona g\u0142\u00f3wna\",\"item\":\"https:\/\/greg92.pl\/\"},{\"@type\":\"ListItem\",\"position\":2,\"name\":\"Baza wiedzy\"}]},{\"@type\":\"WebSite\",\"@id\":\"https:\/\/greg92.pl\/#website\",\"url\":\"https:\/\/greg92.pl\/\",\"name\":\"Greg92PL\",\"description\":\"In the world full of people only so much want to fly....\",\"publisher\":{\"@id\":\"https:\/\/greg92.pl\/#\/schema\/person\/ff41b115bd59286b45e19d77d3540e7d\"},\"potentialAction\":[{\"@type\":\"SearchAction\",\"target\":{\"@type\":\"EntryPoint\",\"urlTemplate\":\"https:\/\/greg92.pl\/?s={search_term_string}\"},\"query-input\":{\"@type\":\"PropertyValueSpecification\",\"valueRequired\":true,\"valueName\":\"search_term_string\"}}],\"inLanguage\":\"pl-PL\"},{\"@type\":[\"Person\",\"Organization\"],\"@id\":\"https:\/\/greg92.pl\/#\/schema\/person\/ff41b115bd59286b45e19d77d3540e7d\",\"name\":\"Greg92PL\",\"image\":{\"@type\":\"ImageObject\",\"inLanguage\":\"pl-PL\",\"@id\":\"https:\/\/greg92.pl\/wp-content\/uploads\/2022\/03\/cropped-cropped-mniejsze-logo-2-100x100-1.jpg\",\"url\":\"https:\/\/greg92.pl\/wp-content\/uploads\/2022\/03\/cropped-cropped-mniejsze-logo-2-100x100-1.jpg\",\"contentUrl\":\"https:\/\/greg92.pl\/wp-content\/uploads\/2022\/03\/cropped-cropped-mniejsze-logo-2-100x100-1.jpg\",\"width\":100,\"height\":100,\"caption\":\"Greg92PL\"},\"logo\":{\"@id\":\"https:\/\/greg92.pl\/wp-content\/uploads\/2022\/03\/cropped-cropped-mniejsze-logo-2-100x100-1.jpg\"},\"sameAs\":[\"https:\/\/greg92.pl\"],\"url\":\"https:\/\/greg92.pl\/index.php\/author\/admin\/\"}]}<\/script>\n<!-- \/ Yoast SEO plugin. -->","yoast_head_json":{"title":"Baza wiedzy - Greg92PL","description":"Wszystko, co niezb\u0119dne i troch\u0119 wi\u0119cej. Mechanika, elektryka motocyklowa, linki do innych podstron serwisu","robots":{"index":"index","follow":"follow","max-snippet":"max-snippet:-1","max-image-preview":"max-image-preview:large","max-video-preview":"max-video-preview:-1"},"canonical":"https:\/\/greg92.pl\/index.php\/baza-wiedzy\/","og_locale":"pl_PL","og_type":"article","og_title":"Baza wiedzy - Greg92PL","og_description":"Wszystko, co niezb\u0119dne i troch\u0119 wi\u0119cej. Mechanika, elektryka motocyklowa, linki do innych podstron serwisu","og_url":"https:\/\/greg92.pl\/index.php\/baza-wiedzy\/","og_site_name":"Greg92PL","article_modified_time":"2025-10-17T17:54:04+00:00","og_image":[{"width":2560,"height":555,"url":"https:\/\/greg92.pl\/wp-content\/uploads\/2025\/10\/pexels-oleh-budurov-283689368-20064019-scaled-e1759575056461.jpg","type":"image\/jpeg"}],"twitter_card":"summary_large_image","twitter_misc":{"Szacowany czas czytania":"1 minuta"},"schema":{"@context":"https:\/\/schema.org","@graph":[{"@type":"TechArticle","@id":"https:\/\/greg92.pl\/index.php\/baza-wiedzy\/#article","isPartOf":{"@id":"https:\/\/greg92.pl\/index.php\/baza-wiedzy\/"},"author":{"name":"Greg92PL","@id":"https:\/\/greg92.pl\/#\/schema\/person\/ff41b115bd59286b45e19d77d3540e7d"},"headline":"Baza wiedzy","datePublished":"2025-10-16T18:51:22+00:00","dateModified":"2025-10-17T17:54:04+00:00","mainEntityOfPage":{"@id":"https:\/\/greg92.pl\/index.php\/baza-wiedzy\/"},"wordCount":30,"publisher":{"@id":"https:\/\/greg92.pl\/#\/schema\/person\/ff41b115bd59286b45e19d77d3540e7d"},"image":{"@id":"https:\/\/greg92.pl\/index.php\/baza-wiedzy\/#primaryimage"},"thumbnailUrl":"https:\/\/greg92.pl\/wp-content\/uploads\/2025\/10\/pexels-oleh-budurov-283689368-20064019-scaled-e1759575056461.jpg","inLanguage":"pl-PL"},{"@type":"WebPage","@id":"https:\/\/greg92.pl\/index.php\/baza-wiedzy\/","url":"https:\/\/greg92.pl\/index.php\/baza-wiedzy\/","name":"Baza wiedzy - Greg92PL","isPartOf":{"@id":"https:\/\/greg92.pl\/#website"},"primaryImageOfPage":{"@id":"https:\/\/greg92.pl\/index.php\/baza-wiedzy\/#primaryimage"},"image":{"@id":"https:\/\/greg92.pl\/index.php\/baza-wiedzy\/#primaryimage"},"thumbnailUrl":"https:\/\/greg92.pl\/wp-content\/uploads\/2025\/10\/pexels-oleh-budurov-283689368-20064019-scaled-e1759575056461.jpg","datePublished":"2025-10-16T18:51:22+00:00","dateModified":"2025-10-17T17:54:04+00:00","description":"Wszystko, co niezb\u0119dne i troch\u0119 wi\u0119cej. Mechanika, elektryka motocyklowa, linki do innych podstron serwisu","breadcrumb":{"@id":"https:\/\/greg92.pl\/index.php\/baza-wiedzy\/#breadcrumb"},"inLanguage":"pl-PL","potentialAction":[{"@type":"ReadAction","target":["https:\/\/greg92.pl\/index.php\/baza-wiedzy\/"]}]},{"@type":"ImageObject","inLanguage":"pl-PL","@id":"https:\/\/greg92.pl\/index.php\/baza-wiedzy\/#primaryimage","url":"https:\/\/greg92.pl\/wp-content\/uploads\/2025\/10\/pexels-oleh-budurov-283689368-20064019-scaled-e1759575056461.jpg","contentUrl":"https:\/\/greg92.pl\/wp-content\/uploads\/2025\/10\/pexels-oleh-budurov-283689368-20064019-scaled-e1759575056461.jpg","width":2560,"height":555},{"@type":"BreadcrumbList","@id":"https:\/\/greg92.pl\/index.php\/baza-wiedzy\/#breadcrumb","itemListElement":[{"@type":"ListItem","position":1,"name":"Strona g\u0142\u00f3wna","item":"https:\/\/greg92.pl\/"},{"@type":"ListItem","position":2,"name":"Baza wiedzy"}]},{"@type":"WebSite","@id":"https:\/\/greg92.pl\/#website","url":"https:\/\/greg92.pl\/","name":"Greg92PL","description":"In the world full of people only so much want to fly....","publisher":{"@id":"https:\/\/greg92.pl\/#\/schema\/person\/ff41b115bd59286b45e19d77d3540e7d"},"potentialAction":[{"@type":"SearchAction","target":{"@type":"EntryPoint","urlTemplate":"https:\/\/greg92.pl\/?s={search_term_string}"},"query-input":{"@type":"PropertyValueSpecification","valueRequired":true,"valueName":"search_term_string"}}],"inLanguage":"pl-PL"},{"@type":["Person","Organization"],"@id":"https:\/\/greg92.pl\/#\/schema\/person\/ff41b115bd59286b45e19d77d3540e7d","name":"Greg92PL","image":{"@type":"ImageObject","inLanguage":"pl-PL","@id":"https:\/\/greg92.pl\/wp-content\/uploads\/2022\/03\/cropped-cropped-mniejsze-logo-2-100x100-1.jpg","url":"https:\/\/greg92.pl\/wp-content\/uploads\/2022\/03\/cropped-cropped-mniejsze-logo-2-100x100-1.jpg","contentUrl":"https:\/\/greg92.pl\/wp-content\/uploads\/2022\/03\/cropped-cropped-mniejsze-logo-2-100x100-1.jpg","width":100,"height":100,"caption":"Greg92PL"},"logo":{"@id":"https:\/\/greg92.pl\/wp-content\/uploads\/2022\/03\/cropped-cropped-mniejsze-logo-2-100x100-1.jpg"},"sameAs":["https:\/\/greg92.pl"],"url":"https:\/\/greg92.pl\/index.php\/author\/admin\/"}]}},"jetpack_sharing_enabled":true,"_links":{"self":[{"href":"https:\/\/greg92.pl\/index.php\/wp-json\/wp\/v2\/pages\/186","targetHints":{"allow":["GET"]}}],"collection":[{"href":"https:\/\/greg92.pl\/index.php\/wp-json\/wp\/v2\/pages"}],"about":[{"href":"https:\/\/greg92.pl\/index.php\/wp-json\/wp\/v2\/types\/page"}],"author":[{"embeddable":true,"href":"https:\/\/greg92.pl\/index.php\/wp-json\/wp\/v2\/users\/1"}],"replies":[{"embeddable":true,"href":"https:\/\/greg92.pl\/index.php\/wp-json\/wp\/v2\/comments?post=186"}],"version-history":[{"count":5,"href":"https:\/\/greg92.pl\/index.php\/wp-json\/wp\/v2\/pages\/186\/revisions"}],"predecessor-version":[{"id":325,"href":"https:\/\/greg92.pl\/index.php\/wp-json\/wp\/v2\/pages\/186\/revisions\/325"}],"wp:featuredmedia":[{"embeddable":true,"href":"https:\/\/greg92.pl\/index.php\/wp-json\/wp\/v2\/media\/197"}],"wp:attachment":[{"href":"https:\/\/greg92.pl\/index.php\/wp-json\/wp\/v2\/media?parent=186"}],"curies":[{"name":"wp","href":"https:\/\/api.w.org\/{rel}","templated":true}]}}